te?
False
Is 31601 a prime number?
True
Is 162559 composite?
True
Is 2333 composite?
False
Is 2944693 prime?
True
Is 122561 composite?
False
Is 46373 a prime number?
False
Is 3979 a composite number?
True
Is 68543 composite?
False
Is 7846 composite?
True
Is 730397 a prime number?
True
Is 12451 a composite number?
False
Is 267737 composite?
False
Is 1266611 a prime number?
True
Is 280753 prime?
False
Is 131873 prime?
False
Is 8147 prime?
True
Is 1095907 a prime number?
True
Is 64661 composite?
False
Is 80567 a prime number?
True
Is 9609 prime?
False
Is 836203 prime?
True
Is 76763 a prime number?
False
Is 17231 composite?
False
Is 384277 a prime number?
True
Is 1399991 a prime number?
False
Is 508135 a composite number?
True
Is 12949 prime?
False
Is 233279 a prime number?
True
Is 2419 prime?
False
Is 3206305 a prime number?
False
Is 7069 a prime number?
True
Is 495977 a composite number?
True
Is 13283 a composite number?
True
Is 6803 prime?
True
Is 7403 a prime number?
False
Is 121703 a prime number?
False
Is 5903 a composite number?
False
Is 54869 a prime number?
True
Is 828895 a composite number?
True
Is 145387 a composite number?
True
Is 2201 composite?
True
Is 3433 a prime number?
True
Is 44155 composite?
True
Is 53809 composite?
True
Is 5668181 a prime number?
False
Is 15259 a composite number?
False
Is 1511 a prime number?
True
Is 3547 a prime number?
True
Is 2052097 a composite number?
False
Is 2323 a prime number?
False
Is 133739 prime?
False
Is 16051 prime?
False
Is 91411 prime?
True
Is 8497 prime?
False
Is 22205 prime?
False
Is 26654 composite?
True
Is 323027 prime?
True
Is 457645 a prime number?
False
Is 9227 a composite number?
False
Is 27551 a prime number?
True
Is 33 prime?
False
Is 596143 prime?
True
Is 56369 a prime number?
True
Is 102757 a prime number?
False
Is 487133 prime?
True
Is 2203 composite?
False
Is 11299 a prime number?
True
Is 31733 prime?
False
Is 28123 composite?
False
Is 144587 composite?
True
Is 642487 a prime number?
True
Is 108529 a composite number?
False
Is 22531 composite?
False
Is 198329 a prime number?
False
Is 297757 composite?
False
Is 696691 a prime number?
True
Is 1223359 composite?
True
Is 29803 a composite number?
False
Is 611749 prime?
False
Is 9977 a composite number?
True
Is 57637 composite?
False
Is 299 prime?
False
Is 54521 composite?
False
Is 58027 a prime number?
True
Is 16477 a composite number?
False
Is 443 prime?
True
Is 6637 prime?
True
Is 99313 prime?
False
Is 93047 composite?
False
Is 31799 prime?
True
Is 12139 a prime number?
False
Is 3821 a composite number?
False
Is 77471 a prime number?
True
Is 9689 a composite number?
False
Is 559029 prime?
False
Is 77117 a prime number?
False
Is 21233 a prime number?
False
Is 451201 a composite number?
False
Is 815569 prime?
True
Is 191413 composite?
False
Is 12185 prime?
False
Is 618991 a composite number?
False
Is 3641 a composite number?
True
Is 19717 a composite number?
False
Is 25697 composite?
True
Is 12646 a composite number?
True
Is 32663 a composite number?
True
Is 55049 composite?
False
Is 4327 a prime number?
True
Is 82711 composite?
True
Is 379937 prime?
False
Is 875011 a composite number?
False
Is 2813 composite?
True
Is 44747 composite?
True
Is 1146677 a prime number?
False
Is 68573 composite?
True
Is 106773 a prime number?
False
Is 469321 a composite number?
False
Is 319 a prime number?
False
Is 549379 a composite number?
False
Is 10079 prime?
True
Is 1899419 a composite number?
False
Is 172001 a prime number?
True
Is 387037 a prime number?
False
Is 4421 a composite number?
False
Is 156887 a composite number?
False
Is 1337 composite?
True
Is 127685 prime?
False
Is 123661 a composite number?
False
Is 67661 prime?
False
Is 50581 a composite number?
False
Is 76811 prime?
False
Is 301355 a prime number?
False
Is 16127 prime?
True
Is 276646 a composite number?
True
Is 39397 composite?
False
Is 34519 prime?
True
Is 117905 prime?
False
Is 1074223 a composite number?
False
Is 2123 composite?
True
Is 953519 a composite number?
True
Is 14765 a composite number?
True
Is 2534401 a composite number?
False
Is 246371 a prime number?
True
Is 373163 a prime number?
False
Is 8947 prime?
False
Is 1728761 prime?
True
Is 2521 a prime number?
True
Is 85341 a composite number?
True
Is 769 composite?
False
Is 70039 a composite number?
False
Is 42151 prime?
False
Is 74231 composite?
False
Is 1399 a prime number?
True
Is 26141 a prime number?
True
Is 112205 composite?
True
Is 305543 composite?
True
Is 493585 prime?
False
Is 1823 a prime number?
True
Is 85061 composite?
False
Is 8023 composite?
True
Is 31987 prime?
False
Is 8413 a composite number?
True
Is 6299 prime?
True
Is 2053 a prime number?
True
Is 109229 composite?
False
Is 2737787 composite?
True
Is 10937 a composite number?
False
Is 160961 composite?
True
Is 22397 a composite number?
False
Is 739 a composite number?
False
Is 77383 composite?
False
Is 231011 a prime number?
False
Is 97243 a prime number?
False
Is 188837 a composite number?
True
Is 4111 a prime number?
True
Is 39499 a prime number?
True
Is 63331 composite?
False
Is 163 composite?
False
Is 3755 prime?
False
Is 25693 a prime number?
True
Is 464767 prime?
True
Is 2149 a composite number?
True
Is 39139 prime?
True
Is 2081 a prime number?
True
Is 305251 a composite number?
True
Is 851051 a composite number?
False
Is 5069 a prime number?
False
Is 29411 a composite number?
False
Is 221197 composite?
False
Is 13355 a prime number?
False
Is 592297 a prime number?
False
Is 27733 composite?
False
Is 161885 prime?
False
Is 124517 prime?
False
Is 14143 composite?
False
Is 3989 prime?
True
Is 106823 a prime number?
True
Is 132293 a composite number?
True
Is 19457 a composite number?
False
Is 78107 composite?
True
Is 48383 composite?
False
Is 9527 prime?
False
Is 2039 prime?
True
Is 137563 prime?
False
Is 316817 a prime number?
True
Is 336961 prime?
True
Is 8002 prime?
False
Is 27049 a composite number?
True
Is 3299 composite?
False
Is 26099 composite?
False
Is 179251 a prime number?
False
Is 1715765 a composite number?
True
Is 29471 a prime number?
False
Is 11959 a composite number?
False
Is 121919 a composite number?
True
Is 26551 prime?
False
Is 686267 a prime number?
True
Is 403879 prime?
False
Is 4223 composite?
True
Is 5749 a prime number?
True
Is 237203 composite?
False
Is 301 prime?
False
Is 11677 composite?
False
Is 1114 composite?
True
Is 448351 prime?
True
Is 13891 a prime number?
False
Is 212989 a prime number?
False
Is 823637 a prime number?
True
Is 112153 a prime number?
True
Is 120601 a composite number?
True
Is 30223 a prime number?
True
Is 10079 a prime number?
True
Is 1155851 prime?
True
Is 4819 composite?
True
Is 205913 prime?
True
Is 98033 composite?
True
Is 116069 a prime number?
False
Is 1835 composite?
True
Is 1634791 a prime number?
True
Is 18119 prime?
True
Is 3935 a composite number?
True
Is 2609 a prime number?
True
Is 105097 a composite number?
False
Is 3011 a composite number?
False
Is 23601 a prime number?
False
Is 21347 a prime number?
True
Is 19315 composite?
True
Is 18701 composite?
False
Is 14305 composite?
True
Is 988403 a prime number?
False
Is 1429697 composite?
False
Is 27211 prime?
True
Is 1623533 a composite number?
False
Is 327401 prime?
True
Is 14921 a composite number?
True
Is 59119 a prime number?
True
Is 39041 a composite number?
False
Is 210877 prime?
False
Is 10219 a composite number?
True
Is 367363 prime?
False
Is 1033537 composite?
False
Is 449651 prime?
False
Is 2149 a composite number?
True
Is 6761 a prime number?
True
Is 63051 prime?
False
Is 24733 a prime number?
True
Is 34469 prime?
True
Is 273439 composite?
True
Is 117679 a composite number?
False
Is 6119 a composite number?
True
Is 11177 prime?
True
Is 4151057 a prime number?
True
Is 16673 a prime number?
True
Is 5039 prime?
True
Is 289879 prime?
False
Is 60313 prime?
False
Is 497 composite?
True
Is 59687 composite?
True
Is 20179 a prime number?
False
Is 67701 a prime number?
False
Is 127913 composite?
False
Is 22717 composite?
False
Is 1720393 a prime number?
False
Is 85439 a prime number?
True
Is 40219 composite?
True
Is 76101 a composite number?
True
Is 17623 a prime number?
True
Is 1950661 a composite number?
False
Is 10391 a prime number